z**5/20 - z**4/24 + z**3/6 + 2*z**2. Let i = 9 - 8. Calculate y(i).
-3
Let t(j) = -j**2 + j + 3. Let g be 7/(252/8) - 50/(-18). Determine t(g).
-3
Suppose -1 - 5 = -2*j. Let p be 4/6 - (-4)/j. Suppose -p*i - 10 = 4*q, -7*i + 16 = -3*i - q. Let d(s) = -s**2 + 2*s + 1. Give d(i).
-2
Let f(b) = -3*b - 26. Let s be f(-11). Let p(z) = -s - 2*z - 3*z + 7*z + z**2. Give p(-5).
8
Let o(s) be the third derivative of -s**2 + 0*s + 0 - 1/30*s**5 - 1/120*s**6 - 1/3*s**3 + 1/24*s**4. Let i = -14 - -12. Give o(i).
-4
Let f(d) = -d**3 - d**2 + d. Let g(q) be the third derivative of -q**6/24 - 7*q**5/60 + q**4/8 - q**3/6 + 2*q**2. Let b(i) = -4*f(i) + g(i). What is b(-3)?
2
Let x(f) be the first derivative of f**2/2 + f - 2. Give x(-6).
-5
Let n(v) = v**2 + v + 6. Suppose -3*h = 2*h. Determine n(h).
6
Let w(p) = -p**2 - 9*p - 24. Let y be w(-6). Let d(n) = -n**2 - 7*n - 3. Determine d(y).
3
Let t(m) = m + 1. Suppose -10*n + 3*n = 49. Let d = n + 12. Determine t(d).
6
Let r(o) = -o**2 + 8*o - 7. Let n(m) = m + 6. Let x be n(8). Suppose 0 = 3*u + x - 2. Let l be u/(8/(-10))*1. Give r(l).
8
Let i(u) = 3*u - 4. Suppose 3*t = 3*g - 10 - 5, -2*g + t = -11. Let j(x) = -x + 1. Let f(d) = g*i(d) + 17*j(d). Let r = 13 - 7. Give f(r).
-1
Let i(b) = -466 - 5*b + 231 + 232. What is i(3)?
-18
Let a(g) = -g**2 + 9*g - 8. Let v = -40 - -47. Calculate a(v).
6
Let h(k) = -k**2 - 3*k - 2. Let m be h(-2). Let b(q) = -8*q + 51. Let u be b(6). Suppose 0*v - u*v + 18 = m. Let a(w) = -w**2 + 7*w - 5. Give a(v).
1
Suppose -10*f = -0*f + 10. Let a(i) = 5*i**3 - 2*i**2 - i. Calculate a(f).
-6
Let u(a) = 2*a - 1 + 2 + 3*a - 7*a. Calculate u(-3).
7
Suppose 0 = 2*y + 5*c + 21, -5*y + 5*c + 47 = 12. Let q(b) = -2*b**2 + 7*b - 4. Let l(v) = v**2 - 3*v + 2. Let o(s) = -7*l(s) - 3*q(s). What is o(y)?
-6
Let v(m) = -1 - 15*m + 5 + 14*m. Let n be v(5). Let c(p) be the third derivative of -3*p**4/8 - p**3/6 + p**2. Calculate c(n).
8
Suppose -4*u + 4 = -2*u. Let x be 27/(-21) - u/(-7). Let h be (0 - (3 - 1)) + x. Let i(k) = -k**2 - k. Give i(h).
-6
Let h(f) be the first derivative of -f**4/4 + 7*f**3/3 - 3*f**2 - f + 23. Determine h(6).
-1
Let c(k) = k**2 + 5*k - 2. Suppose -72 = -4*x + 2*x. Suppose 0 = 3*a + 4*y - 2*y + 27, 4*a = -y - x. Let h(r) = -r**3 - 9*r**2 - 4. Let d be h(a). Give c(d).
-6
Let x(q) = -4*q**2 + q**2 - 2 - q**2 + 3*q**2 - 4*q. What is x(-5)?
-7
Let k(p) = -7 + 7*p**2 - 8*p**2 + 18 + 9*p - 1. Determine k(8).
18
Suppose -b + 169 = 167. Let c(o) be the first derivative of -7*o**2/2 + 3*o + 2. Calculate c(b).
-11
Let r be ((-1)/2)/((-5)/40). Let v(i) = 0*i - i**3 - 3*i**2 - i**2 - 4*i - r. Determine v(-4).
12
Let r(u) = 6*u**2 + 1. Let z be r(1). Let q(o) = o - 4. Give q(z).
3
Let a be 4/4 - (1 + -3). Let g(h) = 3*h + 1. Calculate g(a).
10
Let t(m) = 7*m**2 - 3*m + 2. Let g(c) = -c**2 + c. Let o(s) = 6*g(s) + t(s). What is o(-2)?
0
Let f(k) = -14*k - 7. Let p(n) = 3 - 7 + 7 + 7*n. Let j(o) = -4*f(o) - 9*p(o). Determine j(1).
-6
Let r = 4 + -1. Let m(a) = a**3 + 5 + 0*a**r - 4*a + 3*a**2 + 3*a. Let x = -79 + 75. Give m(x).
-7
Let s(p) = -p**2 + p + 4. Suppose 2*z + 2 = 3*n, z - 2*z = 4*n - 21. Suppose -d - n*d - 70 = 0. Let a be (-4)/d + 2/(-7). What is s(a)?
4
Let n(k) = k**3 + 0*k**3 + 3*k - 3 + 7*k**3 + 3*k**3. Let x(v) = -v**3 - v + 1. Let y(u) = n(u) + 2*x(u). Determine y(1).
9
Suppose 0 = -4*b + 32 + 8. Let j = 6 - b. Let s(f) = -f**3 - 5*f**2 - f + 5. Give s(j).
-7
Let a(r) = -r**3 - 2*r**2 + r + 4. Let f be a(-2). Let g(o) be the first derivative of 1/2*o**f + 4*o + 1. Give g(-5).
-1
Suppose -1 - 12 = -q. Let m(v) = v - 17 + q + 4. What is m(3)?
3
Let b = 1 + -8. Let l(a) = -a - 10. Let q be l(b). Let w(d) = d**2 + 4*d + 1. What is w(q)?
-2
Let v(a) = a**3 - a**2 - 1. Let f be -1*(10 - (3 - 3)). Let g = -8 - f. Give v(g).
3
Let r = 1 - -3. Let u be 0 - 1/2*-6. Let c(p) = -3*p - u - 4 + 4 + 5*p. Give c(r).
5
Let k be (2 - (5 + 3))/(-1 - 0). Let c(t) = -t**3 + t**2 - 1. Let h(l) = 5*l**3 - 9*l**2 - 9*l + 12. Let n(d) = -4*c(d) - h(d). Calculate n(k).
10
Let w(b) = 3*b + 13*b + 2*b**2 - 3 - 13*b. Give w(-3).
6
Let o(m) = -4*m**3 - 4*m**2 - 8*m + 2. Let x(d) = 3*d**3 + 5*d**2 + 7*d - 2. Let j(i) = -2*o(i) - 3*x(i). Let z = 8 - 14. Give j(z).
-4
Let w(c) = -3*c - 2. Let j(d) = -d**2 - 23*d - 45. Let s be j(-21). Determine w(s).
7
Suppose 7*k = 4*k + 3. Let p(r) = -2*r**2 + 17*r**3 + 19*r - 19*r + k. Calculate p(1).
16
Let s(t) = t**3 - 7*t**2 - t + 6. Let k be s(7). Let y(q) = -3*q**3 - q. Determine y(k).
4
Let a(m) = m - 1. Let w(s) = 2*s - 7. Let g(q) = -6*a(q) + w(q). Let i = -2 + 5. Let t be i/(-5) + (-2)/5. Determine g(t).
3
Let r(m) be the second derivative of m + 0 - 3/2*m**2 + 5/6*m**3. Determine r(3).
12
Suppose 2*u + 3 = -2*l - 3, 3*l - 6 = 2*u. Let f(n) = -n**2 - 3*n + 4. Give f(u).
4
Let v = 9 - 8. Let n be -3 + (6 - v)*1. Let o(d) = 4*d**2 - 6*d - 3 - 2*d**2 - d**n. Determine o(5).
-8
Suppose a + 3*a = -20. Let k(g) = -3*g - 15. Let n(t) = -2*t - 10. Let l(u) = a*k(u) + 8*n(u). Give l(0).
-5
Let y(k) = k**3 - 3*k**2 + k - 1. Let t(p) = -3*p**3 + p + 1. Suppose 0 = -u + 2*u - b + 18, 5*b = 4*u + 75. Let g be 10/u*(-6)/(-4). Let x be t(g). Give y(x).
2
Let y(p) be the second derivative of 0 - 1/2*p**2 - 3/2*p**3 - p. Let o be (-3 + 1)/2*1. Determine y(o).
8
Let h be (-6)/(-15)*(7 - 2). Let p(k) = -19*k + 13*k + h + k**2 + 5 + 0. Calculate p(5).
2
Suppose 0*p - 3*p - 5*a - 8 = 0, 0 = -5*p - 5*a. Let c(h) = 2*h - 3. What is c(p)?
5
Let z(o) = -o**3 + 2*o**2 - 2. Let p(q) = 3 - q**2 - 2*q + 11*q - 11*q. Let r be p(-2). What is z(r)?
-11
Let j(y) be the first derivative of -y**2/2 + 7*y - 3. Calculate j(-6).
13
Suppose -3*c + 0 - 3 = -3*g, 0 = -5*g + 4*c. Let m(l) = l + 2. Give m(g).
-2
Suppose -27 = -13*h + 4*h. Let d(p) = p**2 - 2*p + 3. Let c be d(2). Let r(v) = 3*v + c*v - 5 - 5*v. Determine r(h).
-2
Let h(p) = -p**2 + 11*p - 4. Let b(q) = -q - 1. Let o(t) = 3*b(t) + h(t). What is o(8)?
-7
Let p(v) = -2*v**3 - 9*v**2 - 11*v + 3. Let z(l) = -l**3 - 4*l**2 - 5*l + 2. Let n(f) = 3*p(f) - 5*z(f). What is n(-6)?
11
Let b(y) = -6*y - 2. Let i(p) = 5*p + 1. Let m(j) = -3*b(j) - 4*i(j). Let n(k) = -2*k**2 + 1. Let a be n(1). Let f be a*(3 + 0) - -8. Determine m(f).
-8
Let w be (-1)/((-2)/4)*-8. Let q = w - -11. Let k(r) = r**3 + 6*r**2 + 4*r - 5. What is k(q)?
0
Let y(d) be the second derivative of d**4/4 + d**3/3 + d**2/2 + 2*d. Determine y(-1).
2
Suppose d + d = -4*q, -3*q - 10 = 4*d. Let m = -1 + 3. Let c(p) = 5 + m - 2 + p. Determine c(d).
1
Suppose -b - 2 = 5*f + 5, -5*b = -3*f - 21. Let h(d) = 2*d + 3. What is h(f)?
-1
Let u(s) = 16*s**2 - 25*s + 10. Suppose -1 + 5 = 2*x. Let c(y) = -3*y**2 + 5*y - 2. Let j(n) = x*u(n) + 11*c(n). Calculate j(3).
4
Let t(i) be the first derivative of 1/6*i**3 + 1/12*i**5 - 1/12*i**4 + i**2 - 2 + 0*i. Let a(x) be the second derivative of t(x). Determine a(1).
4
Suppose 0 = -l + 4*f + 24, 0*l - 5 = -5*l - 3*f. Let r(w) = -w**2 + 3*w - 1. Calculate r(l).
-5
Let h(x) = 107 + x**2 + 4*x - 104 - 10*x. What is h(5)?
-2
Let a be 0 + (-1 + 0)/((-5)/(-20)). Let g(l) = 2*l**2 + 6*l + 4. Calculate g(a).
12
Let a(y) be the first derivative of 2*y**3 + 7. Determine a(-1).
6
Let a(d) = 4*d - 1. Suppose -i = 5*f + 8, -3 = 5*f - 4*i + 15. What is a(f)?
-9
Suppose 4*a + 3*f + 6 = 21, -15 = 4*a - 3*f. Let c(r) = -1 + 3 - r + a. Let b(l) = -l + 2. Let k(t) = 5*b(t) - 6*c(t). Determine k(0).
-2
Let j(f) = 2*f + 4*f - 4*f - 5*f. Calculate j(2).
-6
Let u(r) = -r + 3. Let i = 4 - 2. Give u(i).
1
Let s be 1/4 - 15/(-4). Let y(g) be the second derivative of 3/2*g**2 + 1/12*g**s - 2*g + 0 + 5/6*g**3. What is y(-4)?
-1
Let s(k) = 3*k**3 + 4*k**3 - 4*k**2 - 6*k - 6*k**3 - 1. Give s(5).
-6
Let c(a) be the first derivative of a**5/20 - a**3/6 - a**2/2 + 2*a + 1. Let v(n) be the first derivative of c(n). Calculate v(0).
-1
Let t = -17 + 20. Let w(p) = -3*p**2 - 5 + 1 - p**t + 0*p + p + p. Give w(-4).
4
Let a(k) = k + 1. Let g(h) = 7*h + 8. Let j(i) = 6*a(i) - g(i). Calculate j(5).
-7
Let k(l) = 2 - l - 196*l**2 + 0*l + l**3 + 200*l**2. Calculate k(-4).
6
Let w(b) = b**2 + 8*b + 8. Suppose 6*t = -32 - 4. Give w(t).
-4
Suppose 54*p = 52*p + 4. Let v(g) = 5*g**3 + 2*g**2 + 3*g - 2. Let h(a) = -11*a**3 - 5*a**2 - 6*a + 4. Let j(u) = -4*h(u) - 9*v(u). Determine j(p)